{"id":38,"date":"2017-03-29T20:15:48","date_gmt":"2017-03-29T18:15:48","guid":{"rendered":"http:\/\/gruenlandservice-allgaier.de\/?page_id=38"},"modified":"2025-04-24T21:00:54","modified_gmt":"2025-04-24T19:00:54","slug":"leistungen","status":"publish","type":"page","link":"http:\/\/gruenlandservice-allgaier.de\/?page_id=38","title":{"rendered":"Leistungen"},"content":{"rendered":"<p><strong>Folgende Dienstleistungen biete ich an:&nbsp;<\/strong><\/p>\n<ul>\n<li><strong>Garten- und Landschaftsbau<\/strong><\/li>\n<li><strong>Au\u00dfenanlagen \/ Hofpl\u00e4tze<\/strong><\/li>\n<li><strong>Betonarbeiten<\/strong>\n<ul>\n<li>Bodenplatten<\/li>\n<li>St\u00fctzmauern<\/li>\n<li>Betontreppen<\/li>\n<li>Garagen<\/li>\n<\/ul>\n<\/li>\n<\/ul>\n<p>&nbsp;<\/p>\n<p><b>Au\u00dferdem mit meinen Maschinen und Ger\u00e4ten:<\/b><\/p>\n<ul>\n<li><strong>Mini-Bagger Komatsu PC30&nbsp;<\/strong><\/li>\n<li><strong>Kubota-Bagger U-17 Alpha&nbsp;<\/strong><\/li>\n<li><strong>Bagger Eurocomach TR65 <\/strong>mit den Anbauger\u00e4ten\n<ul>\n<li>Woodcracker CL190 (F\u00e4llgreifer)<\/li>\n<li>Hydraulik-Hammer f\u00fcr Abbrucharbeiten<\/li>\n<li>Sortiergreifer&nbsp;<\/li>\n<li>Anbauverdichter<\/li>\n<li>Bohrger\u00e4t bis d=400 mm<\/li>\n<\/ul>\n<\/li>\n<li><strong>Traktor John Deere 6230 Premium<\/strong><\/li>\n<li><strong>D\u00fccker UNA600 <\/strong>mit einer max. Auslage von 7,30 m mit dem Anbauger\u00e4t D\u00fccker-Mulchkopf:<\/li>\n<\/ul>\n<ul>\n<li style=\"list-style-type: none;\">\n<ul>\n<li>Randstreifenpflege<img loading=\"lazy\" decoding=\"async\" class=\"alignright size-full wp-image-430\" src=\"http:\/\/gruenlandservice-allgaier.de\/wp-content\/uploads\/2017\/05\/Astschere.jpg\" alt=\"\" width=\"247\" height=\"237\"><\/li>\n<li>Freischneiden von Bachl\u00e4ufen und Stra\u00dfengr\u00e4ben<\/li>\n<li>Mulcharbeiten<\/li>\n<li>Rodungen von gro\u00dfen und kleinen Fl\u00e4chen<br \/>\n&nbsp;<\/li>\n<li><strong>D\u00fccker Astschere AWS 22 <\/strong>mit einer Schnittbreite von 2,20 m\n<ul>\n<li>Freischneiden von Lichtraumprofilen<\/li>\n<li>Heckenpflege<\/li>\n<\/ul>\n<\/li>\n<\/ul>\n<\/li>\n<\/ul>\n<p>&nbsp;<\/p>\n<ul>\n<li><strong>AS M\u00e4her<\/strong> f\u00fcr das Mulchen von kleineren und schwer zug\u00e4nglichen Fl\u00e4chen<\/li>\n<\/ul>\n","protected":false},"excerpt":{"rendered":"<p>Folgende Dienstleistungen biete ich an:&nbsp; Garten- und Landschaftsbau Au\u00dfenanlagen \/ Hofpl\u00e4tze Betonarbeiten Bodenplatten St\u00fctzmauern Betontreppen Garagen &nbsp; Au\u00dferdem mit meinen Maschinen und Ger\u00e4ten: Mini-Bagger Komatsu PC30&nbsp; Kubota-Bagger U-17 Alpha&nbsp; Bagger [&hellip;]<\/p>\n","protected":false},"author":1,"featured_media":0,"parent":0,"menu_order":30,"comment_status":"closed","ping_status":"closed","template":"template-fullwidth.php","meta":{"ngg_post_thumbnail":0,"footnotes":""},"class_list":["post-38","page","type-page","status-publish","hentry"],"_links":{"self":[{"href":"http:\/\/gruenlandservice-allgaier.de\/index.php?rest_route=\/wp\/v2\/pages\/38","targetHints":{"allow":["GET"]}}],"collection":[{"href":"http:\/\/gruenlandservice-allgaier.de\/index.php?rest_route=\/wp\/v2\/pages"}],"about":[{"href":"http:\/\/gruenlandservice-allgaier.de\/index.php?rest_route=\/wp\/v2\/types\/page"}],"author":[{"embeddable":true,"href":"http:\/\/gruenlandservice-allgaier.de\/index.php?rest_route=\/wp\/v2\/users\/1"}],"replies":[{"embeddable":true,"href":"http:\/\/gruenlandservice-allgaier.de\/index.php?rest_route=%2Fwp%2Fv2%2Fcomments&post=38"}],"version-history":[{"count":45,"href":"http:\/\/gruenlandservice-allgaier.de\/index.php?rest_route=\/wp\/v2\/pages\/38\/revisions"}],"predecessor-version":[{"id":1206,"href":"http:\/\/gruenlandservice-allgaier.de\/index.php?rest_route=\/wp\/v2\/pages\/38\/revisions\/1206"}],"wp:attachment":[{"href":"http:\/\/gruenlandservice-allgaier.de\/index.php?rest_route=%2Fwp%2Fv2%2Fmedia&parent=38"}],"curies":[{"name":"wp","href":"https:\/\/api.w.org\/{rel}","templated":true}]}}